{"id":77,"date":"2013-04-07T21:46:29","date_gmt":"2013-04-07T19:46:29","guid":{"rendered":"http:\/\/www.kalmenzone.de\/wordpress\/?page_id=77"},"modified":"2024-05-24T13:18:33","modified_gmt":"2024-05-24T11:18:33","slug":"herausgeber","status":"publish","type":"page","link":"https:\/\/www.kalmenzone.de\/wordpress\/herausgeber\/","title":{"rendered":"Herausgeber"},"content":{"rendered":"<p>&nbsp;<\/p>\r\n<div id=\"attachment_1123\" style=\"width: 360px\" class=\"wp-caption aligncenter\"><a href=\"https:\/\/www.kalmenzone.de\/wordpress\/wp-content\/uploads\/2019\/10\/IMG_1610_bearb.jpg\"><img loading=\"lazy\" decoding=\"async\" aria-describedby=\"caption-attachment-1123\" class=\"wp-image-1123\" src=\"https:\/\/www.kalmenzone.de\/wordpress\/wp-content\/uploads\/2019\/10\/IMG_1610_bearb-225x300.jpg\" alt=\"\" width=\"350\" height=\"467\" srcset=\"https:\/\/www.kalmenzone.de\/wordpress\/wp-content\/uploads\/2019\/10\/IMG_1610_bearb-225x300.jpg 225w, https:\/\/www.kalmenzone.de\/wordpress\/wp-content\/uploads\/2019\/10\/IMG_1610_bearb-768x1024.jpg 768w\" sizes=\"auto, (max-width: 350px) 100vw, 350px\" \/><\/a><p id=\"caption-attachment-1123\" class=\"wp-caption-text\">Cornelius van Alsum: Selbstportr\u00e4t mit Hortensie (2019).<\/p><\/div>\r\n<p>&nbsp;<\/p>\r\n<p><b>Cornelius van Alsum<\/b> wurde 1976 am Niederrhein geboren. Studium der F\u00e4cher Geschichte, Latein und Mittellatein in Bonn und Perugia. Arbeitet als Historiker und Archivar. Er lebt in Bonn, schreibt Lyrik, Aphorismen, Essays und Erz\u00e4hl\u00adprosa und \u00fcbersetzt Gedichte (u. a. von Ant\u00f3nio Duarte <a href=\"https:\/\/www.kalmenzone.de\/wordpress\/herausgeber\/projeto-gomes-leal-auswahluebertragung\/\">Gomes Leal<\/a>) und Prosatexte. Literarische Ver\u00f6ffentlichungen in Audioformaten, Anthologien und Zeitschriften, u. a. in \u201eKritische Ausgabe\u201c, \u201ePalmbaum\u201c, \u201eKrautgarten\u201c, \u201eoda \u2013 Ort der Augen\u201c, \u201eBerichte aus der Werkstatt\u201c und \u201eDie Zukunft\u201c (Wien). Mitglied der Autorengruppe <a href=\"http:\/\/dichtungsring.org\">Dichtungsring<\/a>, Mitbegr\u00fcnder der K\u00fcnstlergruppe <a href=\"https:\/\/www.kalmenzone.de\/wordpress\/kuenstlergruppe\">Brisenv\u00f6gel<\/a>. Text-Bild-Zusammenarbeit u. a. mit Irene Klaffke, Text-Musik-Kooperationen mit Daniel Ableev und Christine Kappe. Gedichte von ihm wurden ins Niederl\u00e4ndische \u00fcbertragen.<\/p>\r\n<p>&nbsp;<\/p>\r\n<p>Erstmals in Heft 9 hat au\u00dferdem ein <strong>Mitherausgeber<\/strong> f\u00fcr den Themenschwerpunkt mitgewirkt, in diesem Falle Romain John van de Maele. In Heft 11 hat diese Aufgabe Caroline Hartge \u00fcbernommen, in Heft 16 Alexandra Bernhardt. Weitere Mitherausgeberschaften sind f\u00fcr die Zukunft ins Auge gefa\u00dft, jedoch nicht f\u00fcr jedes Heft.<\/p>\r\n<p>&nbsp;<\/p>\r\n<p>Kontakt: <strong>redaktion (at) kalmenzone.de<\/strong><\/p>\r\n\r\n<p>&nbsp;<\/p>\r\n","protected":false},"excerpt":{"rendered":"<p>&nbsp; &nbsp; Cornelius van Alsum wurde 1976 am Niederrhein geboren. Studium der F\u00e4cher Geschichte, Latein und Mittellatein in Bonn und Perugia. Arbeitet als Historiker und Archivar. Er lebt in Bonn, schreibt Lyrik, Aphorismen, Essays und Erz\u00e4hl\u00adprosa und \u00fcbersetzt Gedichte (u. a. von Ant\u00f3nio Duarte Gomes Leal) und Prosatexte. Literarische Ver\u00f6ffentlichungen in Audioformaten, Anthologien und Zeitschriften, [&hellip;]<\/p>\n","protected":false},"author":1,"featured_media":0,"parent":0,"menu_order":0,"comment_status":"closed","ping_status":"closed","template":"","meta":{"footnotes":""},"class_list":["post-77","page","type-page","status-publish","hentry"],"_links":{"self":[{"href":"https:\/\/www.kalmenzone.de\/wordpress\/wp-json\/wp\/v2\/pages\/77","targetHints":{"allow":["GET"]}}],"collection":[{"href":"https:\/\/www.kalmenzone.de\/wordpress\/wp-json\/wp\/v2\/pages"}],"about":[{"href":"https:\/\/www.kalmenzone.de\/wordpress\/wp-json\/wp\/v2\/types\/page"}],"author":[{"embeddable":true,"href":"https:\/\/www.kalmenzone.de\/wordpress\/wp-json\/wp\/v2\/users\/1"}],"replies":[{"embeddable":true,"href":"https:\/\/www.kalmenzone.de\/wordpress\/wp-json\/wp\/v2\/comments?post=77"}],"version-history":[{"count":32,"href":"https:\/\/www.kalmenzone.de\/wordpress\/wp-json\/wp\/v2\/pages\/77\/revisions"}],"predecessor-version":[{"id":1830,"href":"https:\/\/www.kalmenzone.de\/wordpress\/wp-json\/wp\/v2\/pages\/77\/revisions\/1830"}],"wp:attachment":[{"href":"https:\/\/www.kalmenzone.de\/wordpress\/wp-json\/wp\/v2\/media?parent=77"}],"curies":[{"name":"wp","href":"https:\/\/api.w.org\/{rel}","templated":true}]}}

<p>&nbsp;</p>
<div id="attachment_1123" style="width: 360px" class="wp-caption aligncenter"><a href="https://www.kalmenzone.de/wordpress/wp-content/uploads/2019/10/IMG_1610_bearb.jpg"><img loading="lazy" decoding="async" aria-describedby="caption-attachment-1123" class="wp-image-1123" src="https://www.kalmenzone.de/wordpress/wp-content/uploads/2019/10/IMG_1610_bearb-225x300.jpg" alt="" width="350" height="467" srcset="https://www.kalmenzone.de/wordpress/wp-content/uploads/2019/10/IMG_1610_bearb-225x300.jpg 225w, https://www.kalmenzone.de/wordpress/wp-content/uploads/2019/10/IMG_1610_bearb-768x1024.jpg 768w" sizes="auto, (max-width: 350px) 100vw, 350px" /></a><p id="caption-attachment-1123" class="wp-caption-text">Cornelius van Alsum: Selbstporträt mit Hortensie (2019).</p></div>
<p>&nbsp;</p>
<p><b>Cornelius van Alsum</b> wurde 1976 am Niederrhein geboren. Studium der Fächer Geschichte, Latein und Mittellatein in Bonn und Perugia. Arbeitet als Historiker und Archivar. Er lebt in Bonn, schreibt Lyrik, Aphorismen, Essays und Erzähl­prosa und übersetzt Gedichte (u. a. von António Duarte <a href="https://www.kalmenzone.de/wordpress/herausgeber/projeto-gomes-leal-auswahluebertragung/">Gomes Leal</a>) und Prosatexte. Literarische Veröffentlichungen in Audioformaten, Anthologien und Zeitschriften, u. a. in „Kritische Ausgabe“, „Palmbaum“, „Krautgarten“, „oda – Ort der Augen“, „Berichte aus der Werkstatt“ und „Die Zukunft“ (Wien). Mitglied der Autorengruppe <a href="http://dichtungsring.org">Dichtungsring</a>, Mitbegründer der Künstlergruppe <a href="https://www.kalmenzone.de/wordpress/kuenstlergruppe">Brisenvögel</a>. Text-Bild-Zusammenarbeit u. a. mit Irene Klaffke, Text-Musik-Kooperationen mit Daniel Ableev und Christine Kappe. Gedichte von ihm wurden ins Niederländische übertragen.</p>
<p>&nbsp;</p>
<p>Erstmals in Heft 9 hat außerdem ein <strong>Mitherausgeber</strong> für den Themenschwerpunkt mitgewirkt, in diesem Falle Romain John van de Maele. In Heft 11 hat diese Aufgabe Caroline Hartge übernommen, in Heft 16 Alexandra Bernhardt. Weitere Mitherausgeberschaften sind für die Zukunft ins Auge gefaßt, jedoch nicht für jedes Heft.</p>
<p>&nbsp;</p>
<p>Kontakt: <strong>redaktion (at) kalmenzone.de</strong></p>

<p>&nbsp;</p>

<p>&nbsp; &nbsp; Cornelius van Alsum wurde 1976 am Niederrhein geboren. Studium der Fächer Geschichte, Latein und Mittellatein in Bonn und Perugia. Arbeitet als Historiker und Archivar. Er lebt in Bonn, schreibt Lyrik, Aphorismen, Essays und Erzähl­prosa und übersetzt Gedichte (u. a. von António Duarte Gomes Leal) und Prosatexte. Literarische Veröffentlichungen in Audioformaten, Anthologien und Zeitschriften, [&hellip;]</p>
